List the prime factors of 1244447.
1244447
List the prime factors of 15073642.
2, 7536821
List the prime factors of 217052.
2, 11, 4933
What are the prime factors of 61336?
2, 11, 17, 41
List the prime factors of 30704000.
2, 5, 19, 101
What are the prime factors of 9228493?
827, 11159
What are the prime factors of 791980?
2, 5, 7, 5657
List the prime factors of 1705596.
2, 3, 89, 1597
List the prime factors of 359305.
5, 71861
List the prime factors of 1331675.
5, 53267
List the prime factors of 2102166.
2, 3, 11, 3539
What are the prime factors of 2425339?
7, 17, 89, 229
List the prime factors of 328785.
3, 5, 23, 953
List the prime factors of 28396514.
2, 569, 24953
List the prime factors of 88029.
3, 9781
What are the prime factors of 427885?
5, 85577
What are the prime factors of 5568857?
7, 795551
What are the prime factors of 1926854?
2, 963427
List the prime factors of 10481696.
2, 327553
What are the prime factors of 141020?
2, 5, 11, 641
What are the prime factors of 1203947?
31, 71, 547
List the prime factors of 603568.
2, 7, 17, 317
What are the prime factors of 650876?
2, 29, 31, 181
What are the prime factors of 3306127?
11, 300557
List the prime factors of 4483315.
5, 163, 5501
List the prime factors of 576568.
2, 97, 743
What are the prime factors of 1088001?
3, 120889
What are the prime factors of 98717?
98717
List the prime factors of 4286495.
5, 19, 45121
What are the prime factors of 1328845?
5, 7, 37967
What are the prime factors of 4029237?
3, 79, 1889
What are the prime factors of 503372?
2, 61, 2063
List the prime factors of 10282447.
7, 1468921
What are the prime factors of 428421?
3, 7, 23, 887
What are the prime factors of 6243455?
5, 1248691
List the prime factors of 2035434.
2, 3, 339239
List the prime factors of 33994.
2, 23, 739
List the prime factors of 5272212.
2, 3, 11, 3631
List the prime factors of 458718.
2, 3, 13, 5881
List the prime factors of 3424514.
2, 17, 47, 2143
What are the prime factors of 10706343?
3, 3568781
What are the prime factors of 317015?
5, 19, 47, 71
What are the prime factors of 3122838?
2, 3, 173491
List the prime factors of 10268586.
2, 3, 190159
List the prime factors of 403997.
11, 19, 1933
List the prime factors of 70061.
70061
List the prime factors of 307708.
2, 43, 1789
What are the prime factors of 469632?
2, 3, 1223
List the prime factors of 10512829.
10512829
What are the prime factors of 156727?
156727
What are the prime factors of 79471?
7, 11353
What are the prime factors of 4797599?
4797599
List the prime factors of 8411136.
2, 3, 37
What are the prime factors of 3710069?
11, 337279
What are the prime factors of 23314898?
2, 29, 401981
What are the prime factors of 1182848?
2, 9241
List the prime factors of 332925.
3, 5, 23, 193
List the prime factors of 1362460.
2, 5, 11, 563
List the prime factors of 591910.
2, 5, 11, 5381
What are the prime factors of 29887?
11, 13, 19
List the prime factors of 4748959.
53, 89603
List the prime factors of 2577238.
2, 59, 21841
What are the prime factors of 129089?
129089
What are the prime factors of 131875?
5, 211
List the prime factors of 648729.
3, 8009
List the prime factors of 7903225.
5, 11, 29, 991
What are the prime factors of 2204317?
31, 211, 337
List the prime factors of 1075924.
2, 47, 59, 97
List the prime factors of 3535852.
2, 883963
List the prime factors of 1397418.
2, 3, 11, 31, 683
List the prime factors of 2183319.
3, 242591
What are the prime factors of 4807412?
2, 1201853
List the prime factors of 140788.
2, 61, 577
What are the prime factors of 235991?
7, 33713
What are the prime factors of 965164?
2, 241291
List the prime factors of 13223340.
2, 3, 5, 13, 5651
List the prime factors of 6475118.
2, 13, 337, 739
What are the prime factors of 127049?
13, 29, 337
List the prime factors of 178347.
3, 13, 17, 269
List the prime factors of 1151714.
2, 575857
List the prime factors of 8713785.
3, 5, 580919
List the prime factors of 1195536.
2, 3, 24907
List the prime factors of 392614.
2, 196307
What are the prime factors of 1724507?
1724507
What are the prime factors of 213629?
13, 16433
What are the prime factors of 1328080?
2, 5, 13, 1277
List the prime factors of 826859.
11, 75169
What are the prime factors of 7948729?
347, 22907
What are the prime factors of 402564?
2, 3, 33547
List the prime factors of 497821.
61, 8161
List the prime factors of 10080295.
5, 2016059
List the prime factors of 92777.
19, 257
List the prime factors of 925041.
3, 13, 23719
List the prime factors of 287398.
2, 143699
List the prime factors of 2111340.
2, 3, 5, 7, 11, 457
List the prime factors of 11464738.
2, 2099, 2731
What are the prime factors of 38375?
5, 307
List the prime factors of 49924.
2, 7, 1783
What are the prime factors of 4824725?
5, 59, 3271
What are the prime factors of 1160976?
2, 3, 19, 67
List the prime factors of 2174940.
2, 3, 5, 43, 281
List the prime factors of 203730.
2, 3, 5, 6791
List the prime factors of 1562332.
2, 19, 61, 337
What are the prime factors of 189192?
2, 3, 7883
What are the prime factors of 590695?
5, 7, 2411
List the prime factors of 1524571.
1524571
List the prime factors of 124929.
3, 7, 661
List the prime factors of 84040.
2, 5, 11, 191
What are the prime factors of 11979671?
11, 19, 31, 43
List the prime factors of 227465.
5, 7, 67, 97
What are the prime factors of 4757917?
349, 13633
What are the prime factors of 2528912?
2, 179, 883
What are the prime factors of 239688?
2, 3, 3329
List the prime factors of 7912825.
5, 113, 2801
List the prime factors of 152438.
2, 11, 13, 41
What are the prime factors of 3881182?
2, 1229, 1579
List the prime factors of 3985692.
2, 3, 41, 8101
List the prime factors of 301426.
2, 29, 5197
List the prime factors of 986271.
3, 11, 13, 19
What are the prime factors of 256174?
2, 23, 5569
List the prime factors of 10633335.
3, 5, 193, 3673
What are the prime factors of 169651?
19, 8929
What are the prime factors of 1298187?
3, 11, 31, 47
What are the prime factors of 279688?
2, 34961
List the prime factors of 179256.
2, 3, 7, 11, 97
List the prime factors of 1506394.
2, 753197
List the prime factors of 8538242.
2, 173, 24677
List the prime factors of 746548.
2, 11, 19, 47
List the prime factors of 902396.
2, 11, 20509
What are the prime factors of 2912184?
2, 3, 11, 3677
What are the prime factors of 185748?
2, 3, 23, 673
List the prime factors of 185791.
47, 59, 67
List the prime factors of 229486.
2, 114743
What are the prime factors of 4883?
19, 257
What are the prime factors of 1667571?
3, 555857
What are the prime factors of 1666331?
137, 12163
List the prime factors of 2019339.
3, 7, 19, 241
List the prime factors of 8579356.
2, 17, 71, 1777
List the prime factors of 3747409.
29, 129221
List the prime factors of 1151140.
2, 5, 57557
What are the prime factors of 5605574?
2, 13, 37, 5827
List the prime factors of 313120.
2, 5, 19, 103
List the prime factors of 404420.
2, 5, 73, 277
What are the prime factors of 4763504?
2, 297719
List the prime factors of 5817477.
3, 19, 102061
What are the prime factors of 19715199?
3, 7, 43, 3119
List the prime factors of 11484963.
3, 7, 8681
What are the prime factors of 7328566?
2, 7, 19, 27551
What are the prime factors of 18902?
2, 13, 727
What are the prime factors of 823299?
3, 47, 5839
What are the prime factors of 39950772?
2, 3, 3329231
What are the prime factors of 8126525?
5, 11, 29, 1019
What are the prime factors of 27398?
2, 7, 19, 103
List the prime factors of 5883538.
2, 23, 67, 83
What are the prime factors of 33966586?
2, 16983293
List the prime factors of 10899321.
3, 31, 163, 719
What are the prime factors of 110299?
7, 2251
What are the prime factors of 586917?
3, 65213
What are the prime factors of 215111?
13, 16547
List the prime factors of 23120605.
5, 157, 29453
List the prime factors of 3368971.
23, 146477
What are the prime factors of 10734790?
2, 5, 11, 23, 4243
List the prime factors of 73056.
2, 3, 761
List the prime factors of 1166413.
1166413
List the prime factors of 4098513.
3, 17, 80363
List the prime factors of 269442.
2, 3, 14969
What are the prime factors of 1237591?
593, 2087
List the prime factors of 336668.
2, 17, 4951
What are the prime factors of 9320555?
5, 1864111
List 